{"id":1516,"date":"2023-11-28T13:22:16","date_gmt":"2023-11-28T13:22:16","guid":{"rendered":"https:\/\/katolikusifjusagialapitvany.hu\/?page_id=1516"},"modified":"2024-02-29T10:48:08","modified_gmt":"2024-02-29T10:48:08","slug":"partnereink","status":"publish","type":"page","link":"https:\/\/katolikusifjusagialapitvany.hu\/?page_id=1516","title":{"rendered":"Partnereink"},"content":{"rendered":"\n<figure class=\"wp-block-image size-full\"><img loading=\"lazy\" decoding=\"async\" width=\"650\" height=\"147\" src=\"https:\/\/katolikusifjusagialapitvany.hu\/wp-content\/uploads\/2024\/02\/plebania-logo_light_650px-147px.png\" alt=\"\" class=\"wp-image-1843\" srcset=\"https:\/\/katolikusifjusagialapitvany.hu\/wp-content\/uploads\/2024\/02\/plebania-logo_light_650px-147px.png 650w, https:\/\/katolikusifjusagialapitvany.hu\/wp-content\/uploads\/2024\/02\/plebania-logo_light_650px-147px-300x68.png 300w\" sizes=\"auto, (max-width: 650px) 100vw, 650px\" \/><\/figure>\n\n\n\n<p>Szeged\u2013Belv\u00e1rosi R. K. Pl\u00e9b\u00e1nia<\/p>\n\n\n\n<p><br><a href=\"http:\/\/www.fogadalmitemplom.hu\/\" target=\"_blank\" rel=\"noreferrer noopener\">http:\/\/www.fogadalmitemplom.hu\/<\/a><br><a href=\"https:\/\/www.facebook.com\/Domplebania\">https:\/\/www.facebook.com\/Domplebania<\/a><br><a href=\"https:\/\/www.instagram.com\/domplebania\/\" target=\"_blank\" rel=\"noreferrer noopener\">https:\/\/www.instagram.com\/domplebania\/<\/a><\/p>\n\n\n\n<p><\/p>\n\n\n\n<figure class=\"wp-block-image size-full is-resized\"><img loading=\"lazy\" decoding=\"async\" width=\"957\" height=\"960\" src=\"https:\/\/katolikusifjusagialapitvany.hu\/wp-content\/uploads\/2023\/12\/311592284_5747055552041935_3429514998631149661_n-1.jpg\" alt=\"\" class=\"wp-image-1536\" style=\"width:198px;height:auto\" srcset=\"https:\/\/katolikusifjusagialapitvany.hu\/wp-content\/uploads\/2023\/12\/311592284_5747055552041935_3429514998631149661_n-1.jpg 957w, https:\/\/katolikusifjusagialapitvany.hu\/wp-content\/uploads\/2023\/12\/311592284_5747055552041935_3429514998631149661_n-1-300x300.jpg 300w, https:\/\/katolikusifjusagialapitvany.hu\/wp-content\/uploads\/2023\/12\/311592284_5747055552041935_3429514998631149661_n-1-150x150.jpg 150w, https:\/\/katolikusifjusagialapitvany.hu\/wp-content\/uploads\/2023\/12\/311592284_5747055552041935_3429514998631149661_n-1-768x770.jpg 768w\" sizes=\"auto, (max-width: 957px) 100vw, 957px\" \/><\/figure>\n\n\n\n<p>N\u00e9pk\u00f6r Magyar M\u0171vel\u0151d\u00e9si K\u00f6zpont-&nbsp;Szabadka<br><a href=\"https:\/\/www.facebook.com\/profile.php?id=100064410950821\">https:\/\/www.facebook.com\/profile.php?id=100064410950821<\/a>  <br><\/p>\n\n\n\n<figure class=\"wp-block-image size-full is-resized\"><img loading=\"lazy\" decoding=\"async\" width=\"172\" height=\"172\" src=\"https:\/\/katolikusifjusagialapitvany.hu\/wp-content\/uploads\/2023\/12\/348477621_963653814646218_1767123753576974696_n-1.jpg\" alt=\"\" class=\"wp-image-1538\" style=\"width:198px;height:auto\" srcset=\"https:\/\/katolikusifjusagialapitvany.hu\/wp-content\/uploads\/2023\/12\/348477621_963653814646218_1767123753576974696_n-1.jpg 172w, https:\/\/katolikusifjusagialapitvany.hu\/wp-content\/uploads\/2023\/12\/348477621_963653814646218_1767123753576974696_n-1-150x150.jpg 150w\" sizes=\"auto, (max-width: 172px) 100vw, 172px\" \/><\/figure>\n\n\n\n<p>Integratio Foundation-&nbsp;Temesv\u00e1r<br><a href=\"https:\/\/www.facebook.com\/IntegratioFoundation\" data-type=\"link\" data-id=\"https:\/\/www.facebook.com\/IntegratioFoundation\">https:\/\/www.facebook.com\/IntegratioFoundation<\/a><\/p>\n\n\n\n<figure class=\"wp-block-image size-full\"><img loading=\"lazy\" decoding=\"async\" width=\"265\" height=\"190\" src=\"https:\/\/katolikusifjusagialapitvany.hu\/wp-content\/uploads\/2023\/12\/nur-olasz-1.png\" alt=\"\" class=\"wp-image-1539\"\/><\/figure>\n\n\n\n<p>Associazione Interculturale NUR- Cagliari<\/p>\n\n\n\n<p><a href=\"https:\/\/www.facebook.com\/assonur\">https:\/\/www.facebook.com\/assonur<\/a><\/p>\n\n\n\n<figure class=\"wp-block-image size-full is-resized\"><img loading=\"lazy\" decoding=\"async\" width=\"600\" height=\"600\" src=\"https:\/\/katolikusifjusagialapitvany.hu\/wp-content\/uploads\/2023\/12\/348286357_1101026667370715_6257394630947502067_n.jpg\" alt=\"\" class=\"wp-image-1540\" style=\"width:219px;height:auto\" srcset=\"https:\/\/katolikusifjusagialapitvany.hu\/wp-content\/uploads\/2023\/12\/348286357_1101026667370715_6257394630947502067_n.jpg 600w, https:\/\/katolikusifjusagialapitvany.hu\/wp-content\/uploads\/2023\/12\/348286357_1101026667370715_6257394630947502067_n-300x300.jpg 300w, https:\/\/katolikusifjusagialapitvany.hu\/wp-content\/uploads\/2023\/12\/348286357_1101026667370715_6257394630947502067_n-150x150.jpg 150w\" sizes=\"auto, (max-width: 600px) 100vw, 600px\" \/><\/figure>\n\n\n\n<p>Ayuntamiento de Cabra- Cabra<br><a href=\"https:\/\/www.facebook.com\/AyuntamientodeCabra\/\">https:\/\/www.facebook.com\/AyuntamientodeCabra\/<\/a><\/p>\n\n\n\n<figure class=\"wp-block-image size-full is-resized\"><img loading=\"lazy\" decoding=\"async\" width=\"533\" height=\"548\" src=\"https:\/\/katolikusifjusagialapitvany.hu\/wp-content\/uploads\/2023\/12\/PETRKLIC-HELP-LOGO-1-1.jpg\" alt=\"\" class=\"wp-image-1541\" style=\"width:200px;height:auto\" srcset=\"https:\/\/katolikusifjusagialapitvany.hu\/wp-content\/uploads\/2023\/12\/PETRKLIC-HELP-LOGO-1-1.jpg 533w, https:\/\/katolikusifjusagialapitvany.hu\/wp-content\/uploads\/2023\/12\/PETRKLIC-HELP-LOGO-1-1-292x300.jpg 292w\" sizes=\"auto, (max-width: 533px) 100vw, 533px\" \/><\/figure>\n\n\n\n<p>Petrkl\u00ed\u010d help- \u010cesk\u00fd T\u011b\u0161\u00edn<br><a href=\"https:\/\/www.facebook.com\/PetrklicHelp\" data-type=\"link\" data-id=\"https:\/\/www.facebook.com\/PetrklicHelp\">https:\/\/www.facebook.com\/PetrklicHelp<\/a><\/p>\n\n\n\n<figure class=\"wp-block-image size-full is-resized\"><img loading=\"lazy\" decoding=\"async\" width=\"620\" height=\"350\" src=\"https:\/\/katolikusifjusagialapitvany.hu\/wp-content\/uploads\/2023\/12\/SA-NASLOVNICA-620x350-1.jpg\" alt=\"\" class=\"wp-image-1548\" style=\"width:303px;height:auto\" srcset=\"https:\/\/katolikusifjusagialapitvany.hu\/wp-content\/uploads\/2023\/12\/SA-NASLOVNICA-620x350-1.jpg 620w, https:\/\/katolikusifjusagialapitvany.hu\/wp-content\/uploads\/2023\/12\/SA-NASLOVNICA-620x350-1-300x169.jpg 300w\" sizes=\"auto, (max-width: 620px) 100vw, 620px\" \/><\/figure>\n\n\n\n<p>Socialna Akademija- Ljubljana<br><a href=\"https:\/\/www.facebook.com\/SocAkadem\">https:\/\/www.facebook.com\/SocAkadem<\/a><\/p>\n\n\n\n<figure class=\"wp-block-image size-full is-resized\"><img loading=\"lazy\" decoding=\"async\" width=\"758\" height=\"342\" src=\"https:\/\/katolikusifjusagialapitvany.hu\/wp-content\/uploads\/2023\/12\/kathaz-logo-1.jpg\" alt=\"\" class=\"wp-image-1549\" style=\"width:392px;height:auto\" srcset=\"https:\/\/katolikusifjusagialapitvany.hu\/wp-content\/uploads\/2023\/12\/kathaz-logo-1.jpg 758w, https:\/\/katolikusifjusagialapitvany.hu\/wp-content\/uploads\/2023\/12\/kathaz-logo-1-300x135.jpg 300w\" sizes=\"auto, (max-width: 758px) 100vw, 758px\" \/><\/figure>\n\n\n\n<p><strong>Kath\u00e1z &#8211; Kultur\u00e1lis \u00e9s K\u00e9pz\u00e9si K\u00f6zpont&nbsp;<\/strong><br><a href=\"https:\/\/www.facebook.com\/katolikushaz\">https:\/\/www.facebook.com\/katolikushaz<\/a><\/p>\n\n\n\n<figure class=\"wp-block-image size-full is-resized\"><img loading=\"lazy\" decoding=\"async\" width=\"100\" height=\"141\" src=\"https:\/\/katolikusifjusagialapitvany.hu\/wp-content\/uploads\/2023\/12\/poverello-1.png\" alt=\"\" class=\"wp-image-1553\" style=\"width:130px;height:auto\"\/><\/figure>\n\n\n\n<p>Lurk\u00f3f\u00e9szek Poverello Alap\u00edtv\u00e1ny<br><a href=\"https:\/\/www.facebook.com\/lurkofeszek.poverelloalapitvany\">https:\/\/www.facebook.com\/lurkofeszek.poverelloalapitvany<\/a><\/p>\n\n\n\n<p><strong>Tau Alap\u00edtv\u00e1ny\u00a0<\/strong><\/p>\n\n\n\n<figure class=\"wp-block-image size-full\"><img loading=\"lazy\" decoding=\"async\" width=\"205\" height=\"197\" src=\"https:\/\/katolikusifjusagialapitvany.hu\/wp-content\/uploads\/2023\/12\/tau-logo-1.png\" alt=\"\" class=\"wp-image-1551\"\/><\/figure>\n","protected":false},"excerpt":{"rendered":"<p>Szeged\u2013Belv\u00e1rosi R. K. Pl\u00e9b\u00e1nia http:\/\/www.fogadalmitemplom.hu\/https:\/\/www.facebook.com\/Domplebaniahttps:\/\/www.instagram.com\/domplebania\/ N\u00e9pk\u00f6r Magyar M\u0171vel\u0151d\u00e9si K\u00f6zpont-&nbsp;Szabadkahttps:\/\/www.facebook.com\/profile.php?id=100064410950821 Integratio<\/p>\n","protected":false},"author":1,"featured_media":0,"parent":0,"menu_order":0,"comment_status":"closed","ping_status":"closed","template":"","meta":{"footnotes":""},"class_list":["post-1516","page","type-page","status-publish","hentry"],"_links":{"self":[{"href":"https:\/\/katolikusifjusagialapitvany.hu\/index.php?rest_route=\/wp\/v2\/pages\/1516","targetHints":{"allow":["GET"]}}],"collection":[{"href":"https:\/\/katolikusifjusagialapitvany.hu\/index.php?rest_route=\/wp\/v2\/pages"}],"about":[{"href":"https:\/\/katolikusifjusagialapitvany.hu\/index.php?rest_route=\/wp\/v2\/types\/page"}],"author":[{"embeddable":true,"href":"https:\/\/katolikusifjusagialapitvany.hu\/index.php?rest_route=\/wp\/v2\/users\/1"}],"replies":[{"embeddable":true,"href":"https:\/\/katolikusifjusagialapitvany.hu\/index.php?rest_route=%2Fwp%2Fv2%2Fcomments&post=1516"}],"version-history":[{"count":12,"href":"https:\/\/katolikusifjusagialapitvany.hu\/index.php?rest_route=\/wp\/v2\/pages\/1516\/revisions"}],"predecessor-version":[{"id":1844,"href":"https:\/\/katolikusifjusagialapitvany.hu\/index.php?rest_route=\/wp\/v2\/pages\/1516\/revisions\/1844"}],"wp:attachment":[{"href":"https:\/\/katolikusifjusagialapitvany.hu\/index.php?rest_route=%2Fwp%2Fv2%2Fmedia&parent=1516"}],"curies":[{"name":"wp","href":"https:\/\/api.w.org\/{rel}","templated":true}]}}