{"id":2105,"date":"2025-02-01T20:09:20","date_gmt":"2025-02-01T20:09:20","guid":{"rendered":"https:\/\/katolikusifjusagialapitvany.hu\/?page_id=2105"},"modified":"2025-09-05T18:16:07","modified_gmt":"2025-09-05T18:16:07","slug":"parks4all","status":"publish","type":"page","link":"https:\/\/katolikusifjusagialapitvany.hu\/?page_id=2105","title":{"rendered":"Parks4all"},"content":{"rendered":"\n<h1 class=\"wp-block-heading\">Parks4All: A magyar \u00e9s szerb kult\u00fart\u00e9r er\u0151s\u00edt\u00e9se a fenntarthat\u00f3 turizmus\u00e9rt a nyilv\u00e1nos z\u00f6ld ter\u00fcleteken<\/h1>\n\n\n\n<p>Projektazonos\u00edt\u00f3:&nbsp;HUSRB\/23R\/22\/076<br>Elk\u00fcl\u00f6n\u00edtett forr\u00e1s\u00f6sszeg:&nbsp;EUR 418 998.00<br>Eur\u00f3pai Uni\u00f3s hozz\u00e1j\u00e1rul\u00e1s (IPA):&nbsp;EUR 356 148.30<br>A projekt kezdete:&nbsp;2024. j\u00falius 1.<br>A projekt z\u00e1r\u00e1sa:&nbsp;2026. j\u00fanius 30.<br>R\u00f6vid\u00edt\u00e9s:&nbsp;Parks4All<br>A projekt c\u00edme:&nbsp;Parks4All: A magyar \u00e9s szerb kult\u00fart\u00e9r er\u0151s\u00edt\u00e9se a fenntarthat\u00f3 turizmus\u00e9rt a<br>nyilv\u00e1nos z\u00f6ld ter\u00fcleteken<br>Projekt partnerek:<br>Lead Partner: &#8222;Cinema City&#8221; Egyes\u00fclet (RS)<br>P1: Katolikus Ifj\u00fas\u00e1gi Alap\u00edtv\u00e1ny (HU)<br>P2: DDTG Duna Fejleszt\u0151 Transznacion\u00e1lis Csoport Nonprofit Kft. (HU)<br>P3: &#8222;\u00dajvid\u00e9k \u2013 Eur\u00f3pa Kultur\u00e1lis F\u0151v\u00e1rosa&#8221; Alap\u00edtv\u00e1ny (RS)<br>P4: &#8222;WEMSICAL SERBIA&#8221; Ifj\u00fas\u00e1gi \u00e9s Kultur\u00e1lis Egyes\u00fclet (RS)<br>Nagy \u00f6r\u00f6mmel jelentj\u00fck be \u00faj projekt\u00fcnk elind\u00edt\u00e1s\u00e1t, melynek c\u00e9lja a Magyarorsz\u00e1gi \u00e9s a<br>Szerbiai kort\u00e1rs kultur\u00e1lis \u00e9s kreat\u00edv helysz\u00ednek egy\u00fcttm\u0171k\u00f6d\u00e9s\u00e9nek \u00e9s kapacit\u00e1s\u00e1nak<br>er\u0151s\u00edt\u00e9se! A k\u00f6vetkez\u0151 24 h\u00f3napban 36 fiatal kultur\u00e1lis menedzserrel \u00e9s m\u0171v\u00e9sszel fogunk<br>egy\u00fctt dolgozni, k\u00fcl\u00f6n\u00f6s tekintettel a kiszolg\u00e1ltatott csoportokhoz tartoz\u00f3 m\u0171v\u00e9szekre, hogy<br>fenntarthat\u00f3 turisztikai aj\u00e1nlatokat hozzunk l\u00e9tre.Ez a projekt mindk\u00e9t orsz\u00e1g soksz\u00edn\u0171 tehets\u00e9geit fogja egyes\u00edteni 19 innovat\u00edv \u00e9s befogad\u00f3oktat\u00e1si, h\u00e1l\u00f3zat\u00e9p\u00edt\u00e9si \u00e9s kultur\u00e1lis esem\u00e9nyen kereszt\u00fcl, nyilv\u00e1nos z\u00f6ldter\u00fcleteken.A k\u00f6vetkez\u0151kre sz\u00e1m\u00edthatunk: 4 k\u00e9pz\u00e9s \u00e9s 2 tanulm\u00e1ny\u00fat, 4 m\u0171v\u00e9szeti rezidencia, \u00e9s a projekt koron\u00e1jak\u00e9nt &#8211; 4 innovat\u00edv fesztiv\u00e1l Szerbi\u00e1ban \u00e9s Magyarorsz\u00e1gon, amelyek a kort\u00e1rs<br>m\u0171v\u00e9szetet mutatj\u00e1k be, \u00e9s akt\u00edvan bevonj\u00e1k a k\u00f6z\u00f6ss\u00e9get. Egy z\u00e1r\u00f3konferencia \u00e9s egy \u201eK\u00e9zik\u00f6nyv rendezv\u00e9nyek szervez\u00e9s\u00e9hez nyilv\u00e1nos z\u00f6ldter\u00fcleteken\u201d c\u00edm\u0171 kiadv\u00e1ny szeml\u00e9lteti majd a projekt eredm\u00e9nyeit, \u00e9s \u00faj innovat\u00edv \u00e9sfenntarthat\u00f3 kultur\u00e1lis egy\u00fcttm\u0171k\u00f6d\u00e9si m\u00f3dszereket mutat majd be.&nbsp;<br>Eredm\u00e9nyek:<\/p>\n\n\n\n<p>&#8211; 20&nbsp;magyarorsz\u00e1gi \u00e9s szerbiai&nbsp;fiatal menedzser \u00e9s m\u0171v\u00e9sz alkotta h\u00e1l\u00f3zat,<br>&#8211; 4 \u00f6tnapos k\u00e9pz\u00e9s&nbsp;20 kultur\u00e1lis menedzser \u00e9s m\u0171v\u00e9sz sz\u00e1m\u00e1ra,<br>&#8211; 2 tanulm\u00e1ny\u00fat&nbsp;szervez\u00e9se a fesztiv\u00e1lok megval\u00f3s\u00edt\u00e1s\u00e1hoz sz\u00fcks\u00e9ges z\u00f6ld ter\u00fcletek<br>felt\u00e9rk\u00e9pez\u00e9s\u00e9re,<br>&#8211; 4 m\u0171v\u00e9szeti rezidencia&nbsp;16 kiv\u00e1lasztott m\u0171v\u00e9sz sz\u00e1m\u00e1ra,<br>&#8211; 4 h\u00e1romnapos fesztiv\u00e1l&nbsp;k\u00e9t telep\u00fcl\u00e9sen \u00e9s k\u00e9t v\u00e1rosban Szerbi\u00e1ban \u00e9s<br>Magyarorsz\u00e1gon,<br>&#8211; 1 konferencia&nbsp;szervez\u00e9se a legjobb gyakorlatok bemutat\u00e1s\u00e1ra, 100 f\u0151 sz\u00e1m\u00e1ra,<br>&#8211; 5 prom\u00f3ci\u00f3s kamp\u00e1ny&nbsp;a projekt n\u00e9pszer\u0171s\u00edt\u00e9se \u00e9rdek\u00e9ben,<br>-1 z\u00e1r\u00f3film&nbsp;elk\u00e9sz\u00edt\u00e9se \u00e9s<br>&#8211; 1 k\u00e9zik\u00f6nyv a z\u00f6ldter\u00fcleteken t\u00f6rt\u00e9n\u0151 rendezv\u00e9nyszervez\u00e9shez.<br>Tov\u00e1bbi eredm\u00e9nyek:<br>&#8211; A kultur\u00e1lis menedzserek \u00e9s producerek kapacit\u00e1sainak b\u0151v\u00edt\u00e9se&nbsp;a fesztiv\u00e1lok<br>innovat\u00edv, inkluz\u00edv \u00e9s k\u00f6rnyezetbar\u00e1t megk\u00f6zel\u00edt\u00e9sekkel t\u00f6rt\u00e9n\u0151 tervez\u00e9s\u00e9ben \u00e9s<br>lebonyol\u00edt\u00e1s\u00e1ban;<br>&#8211; A r\u00e9sztvev\u0151 ter\u00fcletek kultur\u00e1lis sz\u00ednter\u00e9nek \u00e9s turisztikai k\u00edn\u00e1lat\u00e1nak jav\u00edt\u00e1sa&nbsp;az<br>innovat\u00edv \u00e9s fenntarthat\u00f3 turisztikai k\u00edn\u00e1lat fejleszt\u00e9se r\u00e9v\u00e9n;<br>&#8211; A helyi hat\u00f3s\u00e1gok \u00e9s \u00e9rdekeltek k\u00f6r\u00e9ben&nbsp;a kultur\u00e1lis rendezv\u00e9nyek \u00e9s turisztikai<br>k\u00edn\u00e1lat \u00f6kol\u00f3giai, inkluz\u00edv \u00e9s fenntarthat\u00f3 elveinek fokozott tudatos\u00edt\u00e1sa;<br>&#8211; A projekt \u00e9s a kultur\u00e1lis sz\u00ednt\u00e9r l\u00e1that\u00f3s\u00e1g\u00e1nak jav\u00edt\u00e1sa&nbsp;a hat\u00e1r mindk\u00e9t oldal\u00e1n<br>folytatott prom\u00f3ci\u00f3s kamp\u00e1ny \u00e1ltal<\/p>\n\n\n\n<p>HUSRB\/23R\/22\/076 Parks4All projekt kapcs\u00e1n felmer\u00fcl\u0151 beszerz\u00e9sek elj\u00e1r\u00e1st megind\u00edt\u00f3 felh\u00edv\u00e1sai (aj\u00e1nlati felh\u00edv\u00e1sai):<\/p>\n\n\n\n<figure class=\"wp-block-gallery has-nested-images columns-default is-cropped wp-block-gallery-1 is-layout-flex wp-block-gallery-is-layout-flex\"><\/figure>\n\n\n\n<div data-wp-interactive=\"core\/file\" class=\"wp-block-file\"><object data-wp-bind--hidden=\"!state.hasPdfPreview\" hidden class=\"wp-block-file__embed\" data=\"https:\/\/katolikusifjusagialapitvany.hu\/wp-content\/uploads\/2025\/09\/KIA_ajanlatkero_szallas-etkezes.pdf\" type=\"application\/pdf\" style=\"width:100%;height:600px\" aria-label=\"KIA_aj\u00e1nlatk\u00e9r\u0151_sz\u00e1llas \u00e9tkez\u00e9s be\u00e1gyaz\u00e1sa\"><\/object><a id=\"wp-block-file--media-60e76b7d-67d8-4192-971d-76534ade7be5\" href=\"https:\/\/katolikusifjusagialapitvany.hu\/wp-content\/uploads\/2025\/09\/KIA_ajanlatkero_szallas-etkezes.pdf\">KIA_aj\u00e1nlatk\u00e9r\u0151_sz\u00e1llas \u00e9tkez\u00e9s<\/a><a href=\"https:\/\/katolikusifjusagialapitvany.hu\/wp-content\/uploads\/2025\/09\/KIA_ajanlatkero_szallas-etkezes.pdf\" class=\"wp-block-file__button wp-element-button\" download aria-describedby=\"wp-block-file--media-60e76b7d-67d8-4192-971d-76534ade7be5\">Let\u00f6lt\u00e9s<\/a><\/div>\n\n\n\n<div data-wp-interactive=\"core\/file\" class=\"wp-block-file\"><object data-wp-bind--hidden=\"!state.hasPdfPreview\" hidden class=\"wp-block-file__embed\" data=\"https:\/\/katolikusifjusagialapitvany.hu\/wp-content\/uploads\/2025\/09\/KIA_ajanlatkero_rendezvenyszervezes.pdf\" type=\"application\/pdf\" style=\"width:100%;height:600px\" aria-label=\"KIA_aj\u00e1nlatk\u00e9r\u0151_rendezv\u00e9nyszervez\u00e9s be\u00e1gyaz\u00e1sa\"><\/object><a id=\"wp-block-file--media-fff724cd-58fe-4efa-b75d-334afdad1438\" href=\"https:\/\/katolikusifjusagialapitvany.hu\/wp-content\/uploads\/2025\/09\/KIA_ajanlatkero_rendezvenyszervezes.pdf\">KIA_aj\u00e1nlatk\u00e9r\u0151_rendezv\u00e9nyszervez\u00e9s<\/a><a href=\"https:\/\/katolikusifjusagialapitvany.hu\/wp-content\/uploads\/2025\/09\/KIA_ajanlatkero_rendezvenyszervezes.pdf\" class=\"wp-block-file__button wp-element-button\" download aria-describedby=\"wp-block-file--media-fff724cd-58fe-4efa-b75d-334afdad1438\">Let\u00f6lt\u00e9s<\/a><\/div>\n","protected":false},"excerpt":{"rendered":"<p>Parks4All: A magyar \u00e9s szerb kult\u00fart\u00e9r er\u0151s\u00edt\u00e9se a fenntarthat\u00f3 turizmus\u00e9rt<\/p>\n","protected":false},"author":1,"featured_media":0,"parent":0,"menu_order":0,"comment_status":"closed","ping_status":"closed","template":"","meta":{"footnotes":""},"class_list":["post-2105","page","type-page","status-publish","hentry"],"_links":{"self":[{"href":"https:\/\/katolikusifjusagialapitvany.hu\/index.php?rest_route=\/wp\/v2\/pages\/2105","targetHints":{"allow":["GET"]}}],"collection":[{"href":"https:\/\/katolikusifjusagialapitvany.hu\/index.php?rest_route=\/wp\/v2\/pages"}],"about":[{"href":"https:\/\/katolikusifjusagialapitvany.hu\/index.php?rest_route=\/wp\/v2\/types\/page"}],"author":[{"embeddable":true,"href":"https:\/\/katolikusifjusagialapitvany.hu\/index.php?rest_route=\/wp\/v2\/users\/1"}],"replies":[{"embeddable":true,"href":"https:\/\/katolikusifjusagialapitvany.hu\/index.php?rest_route=%2Fwp%2Fv2%2Fcomments&post=2105"}],"version-history":[{"count":7,"href":"https:\/\/katolikusifjusagialapitvany.hu\/index.php?rest_route=\/wp\/v2\/pages\/2105\/revisions"}],"predecessor-version":[{"id":2503,"href":"https:\/\/katolikusifjusagialapitvany.hu\/index.php?rest_route=\/wp\/v2\/pages\/2105\/revisions\/2503"}],"wp:attachment":[{"href":"https:\/\/katolikusifjusagialapitvany.hu\/index.php?rest_route=%2Fwp%2Fv2%2Fmedia&parent=2105"}],"curies":[{"name":"wp","href":"https:\/\/api.w.org\/{rel}","templated":true}]}}

<h1 class="wp-block-heading">Parks4All: A magyar és szerb kultúrtér erősítése a fenntartható turizmusért a nyilvános zöld területeken</h1>



<p>Projektazonosító:&nbsp;HUSRB/23R/22/076<br>Elkülönített forrásösszeg:&nbsp;EUR 418 998.00<br>Európai Uniós hozzájárulás (IPA):&nbsp;EUR 356 148.30<br>A projekt kezdete:&nbsp;2024. július 1.<br>A projekt zárása:&nbsp;2026. június 30.<br>Rövidítés:&nbsp;Parks4All<br>A projekt címe:&nbsp;Parks4All: A magyar és szerb kultúrtér erősítése a fenntartható turizmusért a<br>nyilvános zöld területeken<br>Projekt partnerek:<br>Lead Partner: &#8222;Cinema City&#8221; Egyesület (RS)<br>P1: Katolikus Ifjúsági Alapítvány (HU)<br>P2: DDTG Duna Fejlesztő Transznacionális Csoport Nonprofit Kft. (HU)<br>P3: &#8222;Újvidék – Európa Kulturális Fővárosa&#8221; Alapítvány (RS)<br>P4: &#8222;WEMSICAL SERBIA&#8221; Ifjúsági és Kulturális Egyesület (RS)<br>Nagy örömmel jelentjük be új projektünk elindítását, melynek célja a Magyarországi és a<br>Szerbiai kortárs kulturális és kreatív helyszínek együttműködésének és kapacitásának<br>erősítése! A következő 24 hónapban 36 fiatal kulturális menedzserrel és művésszel fogunk<br>együtt dolgozni, különös tekintettel a kiszolgáltatott csoportokhoz tartozó művészekre, hogy<br>fenntartható turisztikai ajánlatokat hozzunk létre.Ez a projekt mindkét ország sokszínű tehetségeit fogja egyesíteni 19 innovatív és befogadóoktatási, hálózatépítési és kulturális eseményen keresztül, nyilvános zöldterületeken.A következőkre számíthatunk: 4 képzés és 2 tanulmányút, 4 művészeti rezidencia, és a projekt koronájaként &#8211; 4 innovatív fesztivál Szerbiában és Magyarországon, amelyek a kortárs<br>művészetet mutatják be, és aktívan bevonják a közösséget. Egy zárókonferencia és egy „Kézikönyv rendezvények szervezéséhez nyilvános zöldterületeken” című kiadvány szemlélteti majd a projekt eredményeit, és új innovatív ésfenntartható kulturális együttműködési módszereket mutat majd be.&nbsp;<br>Eredmények:</p>



<p>&#8211; 20&nbsp;magyarországi és szerbiai&nbsp;fiatal menedzser és művész alkotta hálózat,<br>&#8211; 4 ötnapos képzés&nbsp;20 kulturális menedzser és művész számára,<br>&#8211; 2 tanulmányút&nbsp;szervezése a fesztiválok megvalósításához szükséges zöld területek<br>feltérképezésére,<br>&#8211; 4 művészeti rezidencia&nbsp;16 kiválasztott művész számára,<br>&#8211; 4 háromnapos fesztivál&nbsp;két településen és két városban Szerbiában és<br>Magyarországon,<br>&#8211; 1 konferencia&nbsp;szervezése a legjobb gyakorlatok bemutatására, 100 fő számára,<br>&#8211; 5 promóciós kampány&nbsp;a projekt népszerűsítése érdekében,<br>-1 zárófilm&nbsp;elkészítése és<br>&#8211; 1 kézikönyv a zöldterületeken történő rendezvényszervezéshez.<br>További eredmények:<br>&#8211; A kulturális menedzserek és producerek kapacitásainak bővítése&nbsp;a fesztiválok<br>innovatív, inkluzív és környezetbarát megközelítésekkel történő tervezésében és<br>lebonyolításában;<br>&#8211; A résztvevő területek kulturális színterének és turisztikai kínálatának javítása&nbsp;az<br>innovatív és fenntartható turisztikai kínálat fejlesztése révén;<br>&#8211; A helyi hatóságok és érdekeltek körében&nbsp;a kulturális rendezvények és turisztikai<br>kínálat ökológiai, inkluzív és fenntartható elveinek fokozott tudatosítása;<br>&#8211; A projekt és a kulturális színtér láthatóságának javítása&nbsp;a határ mindkét oldalán<br>folytatott promóciós kampány által</p>



<p>HUSRB/23R/22/076 Parks4All projekt kapcsán felmerülő beszerzések eljárást megindító felhívásai (ajánlati felhívásai):</p>



<figure class="wp-block-gallery has-nested-images columns-default is-cropped wp-block-gallery-1 is-layout-flex wp-block-gallery-is-layout-flex"></figure>



<div data-wp-interactive="core/file" class="wp-block-file"><object data-wp-bind--hidden="!state.hasPdfPreview" hidden class="wp-block-file__embed" data="https://katolikusifjusagialapitvany.hu/wp-content/uploads/2025/09/KIA_ajanlatkero_szallas-etkezes.pdf" type="application/pdf" style="width:100%;height:600px" aria-label="KIA_ajánlatkérő_szállas étkezés beágyazása"></object><a id="wp-block-file--media-60e76b7d-67d8-4192-971d-76534ade7be5" href="https://katolikusifjusagialapitvany.hu/wp-content/uploads/2025/09/KIA_ajanlatkero_szallas-etkezes.pdf">KIA_ajánlatkérő_szállas étkezés</a><a href="https://katolikusifjusagialapitvany.hu/wp-content/uploads/2025/09/KIA_ajanlatkero_szallas-etkezes.pdf" class="wp-block-file__button wp-element-button" download aria-describedby="wp-block-file--media-60e76b7d-67d8-4192-971d-76534ade7be5">Letöltés</a></div>



<div data-wp-interactive="core/file" class="wp-block-file"><object data-wp-bind--hidden="!state.hasPdfPreview" hidden class="wp-block-file__embed" data="https://katolikusifjusagialapitvany.hu/wp-content/uploads/2025/09/KIA_ajanlatkero_rendezvenyszervezes.pdf" type="application/pdf" style="width:100%;height:600px" aria-label="KIA_ajánlatkérő_rendezvényszervezés beágyazása"></object><a id="wp-block-file--media-fff724cd-58fe-4efa-b75d-334afdad1438" href="https://katolikusifjusagialapitvany.hu/wp-content/uploads/2025/09/KIA_ajanlatkero_rendezvenyszervezes.pdf">KIA_ajánlatkérő_rendezvényszervezés</a><a href="https://katolikusifjusagialapitvany.hu/wp-content/uploads/2025/09/KIA_ajanlatkero_rendezvenyszervezes.pdf" class="wp-block-file__button wp-element-button" download aria-describedby="wp-block-file--media-fff724cd-58fe-4efa-b75d-334afdad1438">Letöltés</a></div>

<p>Parks4All: A magyar és szerb kultúrtér erősítése a fenntartható turizmusért</p>
